{"id":1779,"date":"2021-08-27T17:25:55","date_gmt":"2021-08-27T17:25:55","guid":{"rendered":"https:\/\/marianaribeiro.com.br\/2021\/?page_id=1779"},"modified":"2021-09-22T18:04:39","modified_gmt":"2021-09-22T18:04:39","slug":"little-kickers","status":"publish","type":"page","link":"https:\/\/marianaribeiro.com.br\/2021\/little-kickers\/","title":{"rendered":"Little Kickers"},"content":{"rendered":"\t\t<div data-elementor-type=\"wp-post\" data-elementor-id=\"1779\" class=\"elementor elementor-1779\" data-elementor-post-type=\"page\">\n\t\t\t\t\t\t<section class=\"elementor-section elementor-top-section elementor-element elementor-element-eb270ed elementor-section-boxed elementor-section-height-default elementor-section-height-default\" data-id=\"eb270ed\" data-element_type=\"section\" data-settings=\"{&quot;shape_divider_top&quot;:&quot;opacity-tilt&quot;}\">\n\t\t\t\t\t<div class=\"elementor-shape elementor-shape-top\" aria-hidden=\"true\" data-negative=\"false\">\n\t\t\t<svg xmlns=\"http:\/\/www.w3.org\/2000\/svg\" viewBox=\"0 0 2600 131.1\" preserveAspectRatio=\"none\">\n\t<path class=\"elementor-shape-fill\" d=\"M0 0L2600 0 2600 69.1 0 0z\"\/>\n\t<path class=\"elementor-shape-fill\" style=\"opacity:0.5\" d=\"M0 0L2600 0 2600 69.1 0 69.1z\"\/>\n\t<path class=\"elementor-shape-fill\" style=\"opacity:0.25\" d=\"M2600 0L0 0 0 130.1 2600 69.1z\"\/>\n<\/svg>\t\t<\/div>\n\t\t\t\t\t<div class=\"elementor-container elementor-column-gap-default\">\n\t\t\t\t\t<div class=\"elementor-column elementor-col-100 elementor-top-column elementor-element elementor-element-6767547\" data-id=\"6767547\" data-element_type=\"column\">\n\t\t\t<div class=\"elementor-widget-wrap elementor-element-populated\">\n\t\t\t\t\t\t<div class=\"elementor-element elementor-element-d57e94b elementor-headline--style-highlight elementor-widget elementor-widget-animated-headline\" data-id=\"d57e94b\" data-element_type=\"widget\" data-settings=\"{&quot;marker&quot;:&quot;diagonal&quot;,&quot;highlighted_text&quot;:&quot;Little Kickers: Futebol Bil\\u00edngue &quot;,&quot;headline_style&quot;:&quot;highlight&quot;,&quot;loop&quot;:&quot;yes&quot;,&quot;highlight_animation_duration&quot;:1200,&quot;highlight_iteration_delay&quot;:8000}\" data-widget_type=\"animated-headline.default\">\n\t\t\t\t<div class=\"elementor-widget-container\">\n\t\t\t\t\t\t\t<h3 class=\"elementor-headline\">\n\t\t\t\t<span class=\"elementor-headline-dynamic-wrapper elementor-headline-text-wrapper\">\n\t\t\t\t\t<span class=\"elementor-headline-dynamic-text elementor-headline-text-active\">Little Kickers: Futebol Bil\u00edngue <\/span>\n\t\t\t\t<\/span>\n\t\t\t\t<\/h3>\n\t\t\t\t\t\t<\/div>\n\t\t\t\t<\/div>\n\t\t\t\t\t<\/div>\n\t\t<\/div>\n\t\t\t\t\t<\/div>\n\t\t<\/section>\n\t\t\t\t<section class=\"elementor-section elementor-top-section elementor-element elementor-element-ca4526c elementor-section-boxed elementor-section-height-default elementor-section-height-default\" data-id=\"ca4526c\" data-element_type=\"section\">\n\t\t\t\t\t\t<div class=\"elementor-container elementor-column-gap-default\">\n\t\t\t\t\t<div class=\"elementor-column elementor-col-100 elementor-top-column elementor-element elementor-element-0a088a6\" data-id=\"0a088a6\" data-element_type=\"column\">\n\t\t\t<div class=\"elementor-widget-wrap elementor-element-populated\">\n\t\t\t\t\t\t<section class=\"elementor-section elementor-inner-section elementor-element elementor-element-ee7a1e5 elementor-section-boxed elementor-section-height-default elementor-section-height-default\" data-id=\"ee7a1e5\" data-element_type=\"section\">\n\t\t\t\t\t\t<div class=\"elementor-container elementor-column-gap-default\">\n\t\t\t\t\t<div class=\"elementor-column elementor-col-50 elementor-inner-column elementor-element elementor-element-33dab1a\" data-id=\"33dab1a\" data-element_type=\"column\">\n\t\t\t<div class=\"elementor-widget-wrap elementor-element-populated\">\n\t\t\t\t\t\t<div class=\"elementor-element elementor-element-2190c42 elementor-widget elementor-widget-text-editor\" data-id=\"2190c42\" data-element_type=\"widget\" data-widget_type=\"text-editor.default\">\n\t\t\t\t<div class=\"elementor-widget-container\">\n\t\t\t\t\t\t\t\t\t<p><strong>Welcome to Little Kickers Team!<\/strong>\u00a0\u00a0<\/p><p>A Little Kickers com seu conceito inovador oferece aulas n\u00e3o convencionais de futebol, onde utilizamos o\u00a0l\u00fadico, a brincadeira e a imagina\u00e7\u00e3o dos nossos pequenos alunos\u00a0para introduzir o esporte e proporcionar uma intera\u00e7\u00e3o com a l\u00edngua inglesa de forma incidental e natural atrav\u00e9s de diversos temas do cotidiano que s\u00e3o abordados nas aulas como animais, meios de transporte, esta\u00e7\u00f5es do ano, datas comemorativas e etc.<\/p><p>Atendemos crian\u00e7as a partir de 1 ano e meio de idade e cada aula se baseia em dois princ\u00edpios fundamentais:<\/p><p>Em primeiro lugar, n\u00f3s acreditamos em algo que chamamos de &#8220;Play not Push&#8221;. Isso significa ensinar o futebol e introduzir uma nova l\u00edngua em um ambiente divertido. Em segundo lugar, acreditamos que o futebol pode ser educativo. Treinado no caminho certo, pode estimular a imagina\u00e7\u00e3o e ajudar as habilidades iniciais de desenvolvimento.<\/p><p>Proporcionar \u00e0s crian\u00e7as uma introdu\u00e7\u00e3o positiva\u00a0n\u00e3o apenas ao futebol mas ao esporte em geral,\u00a0para que eles continuem mais propensos a permanecerem saud\u00e1veis, ativos e interessados em se exercitar durante toda a sua vida juntamente com a introdu\u00e7\u00e3o a l\u00edngua inglesa de uma forma l\u00fadica, plantando uma semente para que a crian\u00e7a siga interessada em aprimorar o idioma mesmo ap\u00f3s deixar o projeto.<\/p><p>Criada na Universidade de Cambridge em conjunto com a The Football Association em 2002 a Little Kickers chegou no Brasil em 2014, na cidade de Porto Alegre e conta com a experi\u00eancia de mais de 15 anos, presente em diversos pa\u00edses e mais de 250.000 alunos no mundo.<\/p>\t\t\t\t\t\t\t\t<\/div>\n\t\t\t\t<\/div>\n\t\t\t\t\t<\/div>\n\t\t<\/div>\n\t\t\t\t<div class=\"elementor-column elementor-col-50 elementor-inner-column elementor-element elementor-element-057f59b\" data-id=\"057f59b\" data-element_type=\"column\">\n\t\t\t<div class=\"elementor-widget-wrap elementor-element-populated\">\n\t\t\t\t\t\t<div class=\"elementor-element elementor-element-667b408 elementor-widget elementor-widget-video\" data-id=\"667b408\" data-element_type=\"widget\" data-settings=\"{&quot;youtube_url&quot;:&quot;https:\\\/\\\/www.youtube.com\\\/watch?v=IVXk8Ed13oU&quot;,&quot;video_type&quot;:&quot;youtube&quot;,&quot;controls&quot;:&quot;yes&quot;}\" data-widget_type=\"video.default\">\n\t\t\t\t<div class=\"elementor-widget-container\">\n\t\t\t\t\t\t\t<div class=\"elementor-wrapper elementor-open-inline\">\n\t\t\t<div class=\"elementor-video\"><\/div>\t\t<\/div>\n\t\t\t\t\t\t<\/div>\n\t\t\t\t<\/div>\n\t\t\t\t\t<\/div>\n\t\t<\/div>\n\t\t\t\t\t<\/div>\n\t\t<\/section>\n\t\t\t\t\t<\/div>\n\t\t<\/div>\n\t\t\t\t\t<\/div>\n\t\t<\/section>\n\t\t\t\t<\/div>\n\t\t","protected":false},"excerpt":{"rendered":"<p class=\"qua-blog-post-description\">Little Kickers: Futebol Bil\u00edngue Welcome to Little Kickers Team!\u00a0\u00a0 A Little Kickers com seu conceito inovador oferece aulas n\u00e3o convencionais de futebol, onde utilizamos o\u00a0l\u00fadico, a brincadeira e a imagina\u00e7\u00e3o dos nossos pequenos alunos\u00a0para introduzir o esporte e proporcionar uma intera\u00e7\u00e3o com a l\u00edngua inglesa de forma incidental e natural atrav\u00e9s de diversos temas do [&hellip;]<\/p>\n","protected":false},"author":1,"featured_media":0,"parent":0,"menu_order":0,"comment_status":"closed","ping_status":"closed","template":"elementor_header_footer","meta":{"ngg_post_thumbnail":0,"footnotes":""},"class_list":["post-1779","page","type-page","status-publish","hentry"],"_links":{"self":[{"href":"https:\/\/marianaribeiro.com.br\/2021\/wp-json\/wp\/v2\/pages\/1779","targetHints":{"allow":["GET"]}}],"collection":[{"href":"https:\/\/marianaribeiro.com.br\/2021\/wp-json\/wp\/v2\/pages"}],"about":[{"href":"https:\/\/marianaribeiro.com.br\/2021\/wp-json\/wp\/v2\/types\/page"}],"author":[{"embeddable":true,"href":"https:\/\/marianaribeiro.com.br\/2021\/wp-json\/wp\/v2\/users\/1"}],"replies":[{"embeddable":true,"href":"https:\/\/marianaribeiro.com.br\/2021\/wp-json\/wp\/v2\/comments?post=1779"}],"version-history":[{"count":16,"href":"https:\/\/marianaribeiro.com.br\/2021\/wp-json\/wp\/v2\/pages\/1779\/revisions"}],"predecessor-version":[{"id":1886,"href":"https:\/\/marianaribeiro.com.br\/2021\/wp-json\/wp\/v2\/pages\/1779\/revisions\/1886"}],"wp:attachment":[{"href":"https:\/\/marianaribeiro.com.br\/2021\/wp-json\/wp\/v2\/media?parent=1779"}],"curies":[{"name":"wp","href":"https:\/\/api.w.org\/{rel}","templated":true}]}}